1
10 (base 9) to base 15
9
What is -11000 (base 3) in base 8?
-154
What is -11011001 (base 2) in base 15?
-e7
-3 (base 15) to base 14
-3
21 (base 9) to base 3
201
Convert -4 (base 7) to base 5.
-4
Convert 4 (base 8) to base 10.
4
Convert 3 (base 5) to base 8.
3
What is 6 (base 15) in base 16?
6
1a (base 11) to base 16
15
Convert 6 (base 10) to base 15.
6
-4 (base 15) to base 10
-4
150 (base 16) to base 3
110110
Convert -212 (base 4) to base 2.
-100110
-8 (base 14) to base 2
-1000
-14 (base 7) to base 3
-102
What is 3 (base 16) in base 12?
3
What is -1011 (base 2) in base 10?
-11
-21 (base 11) to base 10
-23
-3 (base 6) to base 15
-3
24 (base 7) to base 16
12
What is -221 (base 3) in base 2?
-11001
What is 17 (base 8) in base 7?
21
Convert 7 (base 15) to base 6.
11
Convert -32 (base 12) to base 6.
-102
-1111110 (base 2) to base 8
-176
-61 (base 16) to base 9
-117
-2 (base 16) to base 8
-2
Convert 113 (base 4) to base 15.
18
What is -4 (base 12) in base 7?
-4
-2 (base 16) to base 11
-2
What is -110 (base 6) in base 10?
-42
Convert -11 (base 2) to base 9.
-3
Convert 245 (base 6) to base 12.
85
What is 6 (base 9) in base 10?
6
Convert 3 (base 5) to base 9.
3
Convert 7 (base 9) to base 4.
13
-3 (base 14) to base 10
-3
-1 (base 11) to base 3
-1
What is -12 (base 8) in base 2?
-1010
-1221 (base 4) to base 8
-151
Convert -436 (base 8) to base 2.
-100011110
3 (base 5) to base 8
3
Convert -1 (base 12) to base 10.
-1
Convert 13 (base 11) to base 5.
24
0 (base 10) to base 6
0
What is 10 (base 2) in base 10?
2
10 (base 3) to base 4
3
-1311 (base 4) to base 3
-11100
What is 3 (base 13) in base 4?
3
11 (base 14) to base 7
21
Convert -3 (base 4) to base 7.
-3
Convert -7b (base 15) to base 8.
-164
325 (base 8) to base 9
256
-3 (base 9) to base 2
-11
-112 (base 3) to base 15
-e
What is -301 (base 5) in base 14?
-56
-15a (base 13) to base 6
-1044
Convert -41 (base 12) to base 9.
-54
What is 0 (base 8) in base 13?
0
-2 (base 7) to base 6
-2
Convert -a (base 15) to base 6.
-14
Convert -10 (base 5) to base 15.
-5
11 (base 3) to base 16
4
Convert 100201 (base 3) to base 10.
262
Convert -106 (base 10) to base 13.
-82
Convert -2000 (base 3) to base 13.
-42
Convert 1101 (base 2) to base 8.
15
What is 48 (base 11) in base 2?
110100
What is 10011 (base 2) in base 14?
15
1 (base 14) to base 9
1
-101 (base 2) to base 6
-5
What is -252 (base 6) in base 15?
-6e
-206 (base 12) to base 11
-248
What is -1 (base 15) in base 3?
-1
-d (base 14) to base 10
-13
-7 (base 10) to base 4
-13
Convert 1132 (base 5) to base 8.
247
What is -130 (base 4) in base 10?
-28
What is -10 (base 6) in base 4?
-12
2 (base 13) to base 12
2
Convert 433 (base 5) to base 14.
86
Convert -10 (base 4) to base 2.
-100
What is 22 (base 7) in base 9?
17
-1 (base 10) to base 12
-1
-4 (base 13) to base 10
-4
10 (base 11) to base 7
14
Convert -3 (base 13) to base 2.
-11
What is -13 (base 10) in base 2?
-1101
-16 (base 16) to base 9
-24
What is -1000000 (base 2) in base 7?
-121
d6 (base 14) to base 12
138
17 (base 15) to base 5
42
What is 123 (base 4) in base 7?
36
Convert -3 (base 12) to base 7.
-3
Convert 10011000 (base 2) to base 16.
98
5 (base 10) to base 15
5
-22 (base 8) to base 4
-102
Convert -1 (base 4) to base 13.
-1
Convert -11 (base 11) to base 8.
-14
What is 1 (base 3) in base 14?
1
Convert -10 (base 9) to base 3.
-100
What is -3 (base 9) in base 16?
-3
Convert -300 (base 5) to base 8.
-113
Convert 8 (base 14) to base 4.
20
Convert -11 (base 4) to base 2.
-101
532 (base 6) to base 13
125
What is -4 (base 5) in base 14?
-4
Convert -5 (base 10) to base 13.
-5
-14 (base 12) to base 3
-121
What is 13a (base 11) in base 12?
118
Convert -61 (base 10) to base 2.
-111101
Convert -c (base 14) to base 4.
-30
Convert -b (base 13) to base 14.
-b
What is -31 (base 4) in base 12?
-11
c (base 14) to base 6
20
Convert 126 (base 8) to base 13.
68
-85 (base 14) to base 2
-1110101
What is -bb (base 14) in base 3?
-20010
-11 (base 4) to base 8
-5
What is -3 (base 16) in base 13?
-3
What is 5 (base 6) in base 14?
5
What is 23 (base 11) in base 4?
121
-5 (base 12) to base 16
-5
0 (base 6) to base 15
0
What is 12 (base 6) in base 9?
8
4 (base 11) to base 10
4
9 (base 14) to base 2
1001
Convert 1 (base 5) to base 4.
1
-3 (base 9) to base 8
-3
120 (base 12) to base 3
20020
Convert -110 (base 2) to base 10.
-6
Convert -1212 (base 4) to base 10.
-102
Convert -4e (base 15) to base 14.
-54
-2 (base 10) to base 2
-10
What is 24 (base 6) in base 9?
17
Convert -3 (base 8) to base 2.
-11
-167 (base 10) to base 5
-1132
What is 2 (base 13) in base 7?
2
What is -6 (base 16) in base 7?
-6
-1 (base 13) to base 14
-1
What is -410 (base 5) in base 11?
-96
What is -2 (base 11) in base 9?
-2
What is -6 (base 11) in base 3?
-20
9b (base 15) to base 16
92
Convert 49 (base 16) to base 15.
4d
Convert 100 (base 3) to base 14.
9
8 (base 10) to base 13
8
What is 5 (base 7) in base 5?
10
103 (base 4) to base 10
19
Convert 26 (base 15) to base 16.
24
Convert -38 (base 12) to base 3.
-1122
What is 6 (base 15) in base 16?
6
-3 (base 11) to base 16
-3
Convert -4 (base 6) to base 15.
-4
-2 (base 14) to base 11
-2
What is 123 (base 5) in base 2?
100110
What is 1 (base 8) in base 9?
1
What is -54 (base 10) in base 9?
-60
What is 24 (base 5) in base 9?
15
Convert -55 (base 10) to base 11.
-50
Convert -261 (base 9) to base 15.
-e7
Convert -4 (base 11) to base 12.
-4
What is 18 (base 16) in base 12?
20
What is -4 (base 13) in base 4?
-10
Convert -47 (base 12) to base 6.
-131
Convert 2 (base 11) to base 8.
2
What is 0 (base 3) in base 6?
0
-10 (base 5) to base 6
-5
Convert -31 (base 14) to base 9.
-47
What is 4c (base 14) in base 13?
53
-6a (base 15) to base 16
-64
What is -7 (base 14) in base 8?
-7
52 (base 6) to base 11
2a
What is 0 (base 9) in base 15?
0
1a (base 15) to base 16
19
Convert 1 (base 7) to base 10.
1
-211 (base 3) to base 5
-42
What is -13 (base 7) in base 6?
-14
1101 (base 2) to base 5
23
Convert 5 (base 12) to base 7.
5
What is 8b (base 15) in base 10?
131
Convert 200 (base 3) to base 8.
22
1123 (base 5) to base 4
2203
Convert 232 (base 5) to base 11.
61
What is 11011 (base 2) in base 11?
25
What is 42 (base 10) in base 13?
33
-2 (base 11) to base 14
-2
Convert 7 (base 12) to base 4.
13
Convert 4 (base 6) to base 8.
4
120 (base 6) to base 15
33
What is 0 (base 10) in base 9?
0
What is 40 (base 11) in base 12?
38
What is -4 (base 9) in base 13?
-4
What is 0 (base 9) in base 12?
0
Convert -89 (base 13) to base 4.
-1301
What is -16 (base 8) in base 11?
-13
What is -4 (base 15) in base 3?
-11
Convert -21 (base 3) to base 5.
-12
-10 (base 3) to base 15
-3
21 (base 7) to base 5
30
-25 (base 7) to base 8
-23
100 (base 4) to base 3
121
What is -3 (base 4) in base 6?
-3
What is 1 (base 11) in base 15?
1
What is 2 (base 16) in base 3?
2
3 (base 6) to base 9
3
-121 (base 3) to base 13
-13
15 (base 15) to base 8
24
322 (base 9) to base 6
1115
What is -1011 (base 2) in base 13?
-b
Convert 224 (base 6) to base 11.
80
-16 (base 16) to base 7
-31
Convert 11001 (base 2) to base 8.
31
What is 2 (base 13) in base 14?
2
3 (base 5) to base 4
3
Convert -ae (base 16) to base 13.
-105
Convert -2b (base 15) to base 11.
-38
12110 (base 3) to base 10
147
Convert -10 (base 3) to base 12.
-3
What is 50 (base 15) in base 10?
75
-100111 (base 2) to base 10
-39
What is d (base 16) in base 15?
d
Convert -1001 (base 2) to base 14.
-9
10100100 (base 2) to base 15
ae
What is -12 (base 13) in base 5?
-30
What is -6 (base 15) in base 5?
-11
0 (base 7) to base 14
0
Convert 16 (base 7) to base 12.
11
-3 (base 11) to base 13
-3
-1 (base 4) to base 11
-1
-1011 (base 3) to base 6
-51
What is 0 (base 12) in base 10?
0
What is -1001 (base 2) in base 5?
-14
What is 260 (base 7) in base 16?
8c
Convert -10 (base 5) to base 16.
-5
10113 (base 4) to base 9
340
Convert -1 (base 9) to base 8.
-1
Convert -20210 (base 3) to base 10.
-183
4 (base 8) to base 9
4
Convert -3 (base 9) to base 12.
-3
-1 (base 2) to base 13
-1
-2232 (base 4) to base 5
-1144
Convert 7 (base 9) to base 12.
7
Convert 3 (base 13) to base 7.
3
What is -10 (base 9) in base 4?
-21
Convert 14 (base 15) to base 9.
21
What is 1 (base 7) in base 4?
1
What is 3 (base 10) in base 16?
3
46 (base 15) to base 16
42
What is -13 (bas